by 364.
343
What is the remainder when 20446 is divided by 711?
538
What is the remainder when 1222 is divided by 1220?
2
What is the remainder when 94200 is divided by 1596?
36
Calculate the remainder when 3313 is divided by 27.
19
What is the remainder when 7728 is divided by 481?
32
What is the remainder when 26127 is divided by 5210?
77
What is the remainder when 1195843 is divided by 169?
168
What is the remainder when 16557 is divided by 16539?
18
What is the remainder when 1603 is divided by 221?
56
Calculate the remainder when 3014 is divided by 503.
499
What is the remainder when 33959 is divided by 1305?
29
Calculate the remainder when 5928 is divided by 1965.
33
What is the remainder when 20278 is divided by 148?
2
What is the remainder when 666 is divided by 203?
57
What is the remainder when 94677 is divided by 60?
57
Calculate the remainder when 763 is divided by 4.
3
Calculate the remainder when 3453 is divided by 281.
81
Calculate the remainder when 45583 is divided by 109.
21
What is the remainder when 45123 is divided by 267?
0
Calculate the remainder when 12393 is divided by 4111.
60
Calculate the remainder when 1463080 is divided by 39.
34
Calculate the remainder when 51519 is divided by 510.
9
Calculate the remainder when 608 is divided by 56.
48
Calculate the remainder when 9073 is divided by 1103.
249
Calculate the remainder when 1795529 is divided by 11.
10
What is the remainder when 805 is divided by 25?
5
What is the remainder when 3727 is divided by 1016?
679
Calculate the remainder when 9519 is divided by 1355.
34
Calculate the remainder when 1616 is divided by 297.
131
What is the remainder when 185887 is divided by 449?
1
What is the remainder when 2995620 is divided by 625?
620
What is the remainder when 2772629 is divided by 486?
485
Calculate the remainder when 4859 is divided by 270.
269
Calculate the remainder when 50306 is divided by 16683.
257
Calculate the remainder when 67064 is divided by 81.
77
What is the remainder when 2498 is divided by 157?
143
Calculate the remainder when 482986 is divided by 10062.
10
Calculate the remainder when 3101 is divided by 529.
456
Calculate the remainder when 68477 is divided by 290.
37
Calculate the remainder when 204793 is divided by 10239.
13
What is the remainder when 2942 is divided by 450?
242
Calculate the remainder when 7517 is divided by 7448.
69
What is the remainder when 3551 is divided by 986?
593
What is the remainder when 6213 is divided by 148?
145
What is the remainder when 11963 is divided by 180?
83
What is the remainder when 3611 is divided by 12?
11
What is the remainder when 10712 is divided by 46?
40
Calculate the remainder when 46167 is divided by 63.
51
Calculate the remainder when 1165588 is divided by 41.
40
What is the remainder when 24385 is divided by 4873?
20
What is the remainder when 93578 is divided by 55?
23
Calculate the remainder when 79985 is divided by 53.
8
What is the remainder when 2741 is divided by 273?
11
What is the remainder when 30803 is divided by 367?
342
Calculate the remainder when 175836 is divided by 87894.
48
Calculate the remainder when 1912 is divided by 327.
277
Calculate the remainder when 18801 is divided by 48.
33
Calculate the remainder when 36929 is divided by 4103.
2
What is the remainder when 984110 is divided by 984103?
7
Calculate the remainder when 269 is divided by 110.
49
Calculate the remainder when 104069 is divided by 122.
3
Calculate the remainder when 15483 is divided by 89.
86
Calculate the remainder when 922 is divided by 162.
112
What is the remainder when 60812 is divided by 511?
3
Calculate the remainder when 30654 is divided by 80.
14
Calculate the remainder when 27560 is divided by 1945.
330
What is the remainder when 224236 is divided by 36?
28
Calculate the remainder when 183036 is divided by 71.
69
What is the remainder when 25117 is divided by 25048?
69
Calculate the remainder when 70247 is divided by 1950.
47
Calculate the remainder when 8389 is divided by 440.
29
What is the remainder when 11775 is divided by 23?
22
What is the remainder when 1567 is divided by 724?
119
Calculate the remainder when 2615 is divided by 295.
255
Calculate the remainder when 14260 is divided by 30.
10
What is the remainder when 4569 is divided by 169?
6
Calculate the remainder when 2125302 is divided by 8.
6
Calculate the remainder when 15801 is divided by 240.
201
What is the remainder when 68680 is divided by 1962?
10
Calculate the remainder when 13672 is divided by 1052.
1048
Calculate the remainder when 269004 is divided by 335.
334
What is the remainder when 11449 is divided by 16?
9
Calculate the remainder when 9106 is divided by 106.
96
Calculate the remainder when 110183 is divided by 6886.
7
What is the remainder when 47276 is divided by 14?
12
Calculate the remainder when 41839 is divided by 1621.
1314
What is the remainder when 23476 is divided by 5862?
28
What is the remainder when 245356 is divided by 317?
315
What is the remainder when 2390 is divided by 343?
332
What is the remainder when 4496 is divided by 286?
206
Calculate the remainder when 7973 is divided by 7965.
8
What is the remainder when 2085 is divided by 912?
261
What is the remainder when 3431 is divided by 3407?
24
Calculate the remainder when 4240 is divided by 99.
82
Calculate the remainder when 21768 is divided by 113.
72
Calculate the remainder when 443139 is divided by 476.
459
Calculate the remainder when 9393 is divided by 54.
51
What is the remainder when 15318 is divided by 1419?
1128
What is the remainder when 135 is divided by 39?
18
Calculate the remainder when 11200 is divided by 42.
28
Calculate the remainder when 95828 is divided by 37.
35
What is the remainder when 369618 is divided by 9?
6
What is the remainder when 165792 is divided by 100?
92
What is the remainder when 54409 is divided by 1814?
1803
Calculate the remainder when 17352 is divided by 86.
66
What is the remainder when 5926 is divided by 43?
35
Calculate the remainder when 46850 is divided by 68.
66
Calculate the remainder when 81058 is divided by 105.
103
What is the remainder when 56907 is divided by 56902?
5
Calculate the remainder when 1152 is divided by 529.
94
Calculate the remainder when 2185 is divided by 520.
105
Calculate the remainder when 1306 is divided by 1066.
240
What is the remainder when 2000 is divided by 330?
20
Calculate the remainder when 4627 is divided by 92.
27
What is the remainder when 3075 is divided by 1158?
759
What is the remainder when 663277 is divided by 752?
13
What is the remainder when 1161 is divided by 171?
135
What is the remainder when 9454 is divided by 939?
64
Calculate the remainder when 114981 is divided by 123.
99
Calculate the remainder when 3656 is divided by 449.
64
What is the remainder when 87472 is divided by 88?
0
Calculate the remainder when 6565 is divided by 494.
143
Calculate the remainder when 75543 is divided by 31.
27
What is the remainder when 80754 is divided by 631?
617
Calculate the remainder when 258715 is divided by 98.
93
What is the remainder when 11122 is divided by 579?
121
What is the remainder when 106648 is divided by 199?
183
Calculate the remainder when 7603 is divided by 12.
7
Calculate the remainder when 23133 is divided by 21.
12
Calculate the remainder when 50814 is divided by 363.
357
Calculate the remainder when 21221 is divided by 748.
277
Calculate the remainder when 1690 is divided by 809.
72
What is the remainder when 297046 is divided by 1717?
5
Calculate the remainder when 125502 is divided by 65.
52
Calculate the remainder when 7418 is divided by 6812.
606
What is the remainder when 80753 is divided by 253?
46
What is the remainder when 8358 is divided by 94?
86
What is the remainder when 595 is divided by 210?
175
What is the remainder when 7557 is divided by 2482?
111
Calculate the remainder when 272488 is divided by 272475.
13
Calculate the remainder when 1785787 is divided by 69.
67
What is the remainder when 21442 is divided by 670?
2
What is the remainder when 52347 is divided by 26168?
11
Calculate the remainder when 90203 is divided by 32.
27
Calculate the remainder when 8671 is divided by 27.
4
What is the remainder when 17129 is divided by 21?
14